ghest common factor of 9 and j?
9
Suppose 4*n - 38 = -a, 13*n - 118 = -5*a + 11*n. Calculate the greatest common divisor of a and 682.
22
Suppose 0 = 3*a - 2*s - 5 + 4, 5*a - 3*s = 3. What is the greatest common divisor of a and 30?
3
Let w be -3 - (11 + 9)*21/2. Let q be 2/(98/(-21)) - w/7. What is the greatest common divisor of 330 and q?
30
Let o = -13 + 16. Suppose o*b - 3 - 51 = 0. Suppose -5*h - b = -88. Calculate the highest common divisor of 7 and h.
7
Suppose p - 1 + 2 = 0. Let s be p/(-2)*(102 - 8). Let q = s + -22. Calculate the highest common divisor of 10 and q.
5
Suppose -143*c = -131*c - 996. Calculate the greatest common factor of 1328 and c.
83
Let f(l) = -l**2 - 14*l. Let x be f(-5). Calculate the greatest common divisor of 15 and x.
15
Suppose -2934 = -39*j - 438. What is the greatest common factor of j and 432?
16
Let f(c) = -2*c - 6. Let w(v) = v. Let h(d) = -f(d) - w(d). Let j be h(5). What is the highest common divisor of 33 and j?
11
Let r(q) = 3*q**2 + q + 5. Suppose 4*v = 15 - 7. Suppose 0 = -4*a + 5*n + v, a - n - 7 = -2*a. Let s be r(a). Calculate the highest common divisor of 14 and s.
7
Let i(s) = -4*s + 2. Let p be i(-1). Suppose 0 = y - 3*y + p. Suppose -q + 96 = y*q. Calculate the greatest common divisor of q and 8.
8
Suppose -3*x = -t - 55, 3*t = -5*x - 0*t + 101. Let g = 7 - x. Let m = g - -16. Calculate the greatest common factor of m and 10.
2
Let u(q) be the first derivative of -q**3 + q**2 - 2*q + 2. Let b be u(2). Let f = 52 + b. Calculate the greatest common divisor of 6 and f.
6
Suppose -95 = -5*o + 165. Suppose 5*j + s = 6*s + 135, s + 105 = 4*j. Calculate the greatest common divisor of o and j.
26
Let v be (1 + 32)*4*4/48. Suppose -14*f = -v*f - 126. What is the highest common divisor of f and 14?
14
Let b = -12 + 18. Suppose 4*k - 2*k - 4*f - b = 0, -k = 4*f + 3. Suppose 3 = -n - 3*i, -2*i = 5*n + k - 38. Calculate the highest common factor of 99 and n.
9
Let a = -1445 - -2444. What is the greatest common factor of a and 37?
37
Let w = -212 + 237. Let c(r) = -r + 25. Let g be c(0). Calculate the highest common factor of g and w.
25
Let p(x) = 2*x**3 - 16*x**2 + 21*x + 4. Let l be p(12). What is the highest common factor of l and 44?
44
Let s be (2*14)/((23 - 8) + -14). Calculate the highest common factor of 63 and s.
7
Let a = 371 + 324. Calculate the highest common factor of 10 and a.
5
Let s be (-46 + 45)/(1/(-301)). What is the highest common divisor of 215 and s?
43
Let a(z) = -12*z. Let h be a(-2). Let o be 3 + 3 + (1165 - -3). Let m be 6/21 + o/7. What is the highest common divisor of h and m?
24
Let q = 26 + -4. Suppose 0*h = -3*y + 3*h + 6, 4*y - 2*h = 0. Let u be (-3 - -244) + (-2)/y. Calculate the highest common factor of q and u.
22
Let v = -12 - -16. Let i(u) = 5*u - 6. Let a be i(v). Suppose 4*t + a = h - 0*t, 5*t - 8 = -3*h. Calculate the greatest common divisor of 6 and h.
6
Suppose -5*h = -2*g - 385, 2*h + 12*g = 11*g + 154. Calculate the greatest common divisor of 11 and h.
11
Let f be (117/12)/(6/80). Calculate the highest common factor of 30 and f.
10
Let r be -9 + (2 - -4) + 5. Suppose 5*s = -4*h - 206, -s - 83 = s + h. Let k = -20 - s. What is the highest common factor of r and k?
2
Let s(z) = 3. Let j(g) = 3*g - 15. Let r(m) = 3*j(m) + 12*s(m). Let p be r(22). What is the greatest common divisor of 27 and p?
27
Let i be 796/22 + ((-62)/(-22) - 3). Calculate the highest common factor of i and 12.
12
Suppose -465 + 31 = -14*g. Calculate the greatest common divisor of 3 and g.
1
Let t be -4*7*(-7)/14. Calculate the greatest common factor of t and 21.
7
Let q(h) = -4*h**2 + 9*h**2 - 6*h**3 + 7*h + 3 + 7*h**3. Let n be q(-3). Suppose 5*a - 136 + 36 = n. Calculate the greatest common divisor of 4 and a.
4
Let j = -126 + 131. Suppose 0 = -l + 3*z + 15, 0 = 11*l - 6*l - j*z - 75. Calculate the highest common factor of 25 and l.
5
Let s be 0*((-7)/(-2) + -3). Suppose s = 17*z - 14*z - 6. What is the greatest common factor of 4 and z?
2
Suppose -273 = -5*z + 322. What is the highest common factor of z and 17?
17
Let q = -13 - 63. Let m = q - -109. What is the greatest common factor of 99 and m?
33
Let l be (-3 + -1)*((-25)/10 + 2). Suppose 20 + 16 = l*k. What is the highest common factor of 9 and k?
9
Let g(i) = -i**2 + 4*i + 7. Let m be g(5). Suppose -47 = 5*j - 4*o, 0 = -3*j + 2*o - 20 - 7. Let q = -1 - j. Calculate the highest common factor of q and m.
2
Let d(o) = 2*o + 4. Let z be d(7). Let p = z - 13. Suppose p*t - 16 - 29 = 0. What is the highest common divisor of t and 72?
9
Let m = 1622 - 1565. Suppose 3*j + 73 + 102 = 5*f, 5*f + 4*j = 210. What is the greatest common divisor of m and f?
19
Suppose -31*v + 26*v - 4*l + 545 = 0, -3*v = -2*l - 327. Calculate the greatest common factor of 1 and v.
1
Let d be (32/6)/(195/27 + -7). What is the greatest common divisor of d and 236?
4
Let q = 17 + -18. Let f be 2 + q + 2 + 43. What is the greatest common divisor of f and 46?
46
Suppose 7*a = 2*a + 2*f + 50, -5*a - 4*f = -20. Calculate the greatest common divisor of 8 and a.
8
Suppose 2*s - 4*u = 806, -2*s + 3*u + 329 = -477. What is the highest common divisor of s and 31?
31
Suppose 0 = -3*g - 2*t + 46, -2*g + 3*t - 1 + 10 = 0. Let b = 157 + -109. Calculate the greatest common factor of b and g.
12
Let g(m) = -50*m**3 + m**2 - m - 1. Let u be -6 + 1 - (0 + -4). Let d be g(u). Calculate the highest common divisor of 17 and d.
17
Suppose -557 = -19*j + 2958. What is the greatest common divisor of 111 and j?
37
Let d be ((-15)/(-60))/((-2)/(-32)). Suppose 5*l + 41 = 3*m, -d*m + 4*l + 53 = -l. Calculate the highest common factor of 36 and m.
12
Let c = 137 - 85. Let t = c - 36. What is the greatest common factor of t and 24?
8
Let u(a) = -3*a + 3*a - 14*a + 1 - 24. Let y be u(-3). Calculate the greatest common divisor of 133 and y.
19
Let r(v) = -59*v + 2. Let d be r(-2). Suppose -6*k + 109 = 19. What is the greatest common factor of k and d?
15
Let d be 1/6 + 2 + (-1441)/(-66). What is the greatest common divisor of 152 and d?
8
Suppose 83*x - 60 = 77*x. Let s(o) = 3*o**2 + o - 4. Let h be s(2). Calculate the greatest common divisor of x and h.
10
Suppose 109*f - 101*f - 192 = 0. Suppose -6*z + 161 = -2*z + 5*c, -c + 157 = 4*z. Let x = z - f. What is the highest common divisor of 135 and x?
15
Suppose 2*f + 106 = 2*k + 16, 4*k + 4*f - 220 = 0. Suppose 5*p = -5*h + 75, 5*p = 6*p + 3*h - 25. Calculate the highest common factor of p and k.
10
Suppose 5*i - 283 = -l, -18*l + 5*i = -23*l + 1515. What is the highest common divisor of l and 16?
4
Let w be (-152)/(-24) - -1*1/(-3). What is the greatest common factor of 57 and w?
3
Suppose -s + 3*s = 32. Suppose -2*g = -k + 2*g + 28, -4*k + 172 = -4*g. What is the highest common divisor of s and k?
16
Let q = -119 - 110. Let u be (-19)/38*(1 + q). Suppose u = 6*s - 186. Calculate the greatest common factor of s and 20.
10
Suppose 20*w + 18468 = 77*w. What is the highest common factor of w and 81?
81
Suppose 0 = -5*b - 6*t + t + 95, -15 = 5*t. Calculate the highest common factor of 286 and b.
22
Let w be (-12)/(-18)*(-45)/6. Let a be 4/10*(5 - (5 + w)). What is the greatest common factor of a and 6?
2
Suppose -6*a + 14*a = 232. What is the greatest common factor of a and 145?
29
Let j = 33 - 31. Calculate the highest common factor of j and 58.
2
Let k be (-42)/3 - (4 - 2). Let g = k + 30. Calculate the greatest common factor of g and 28.
14
Let j(l) = -l**2 - 46*l + 835. Let d be j(-59). Calculate the greatest common divisor of 646 and d.
34
Let s be -2*1 - -48 - 1. Let a be 5 - (4/4 - 1). What is the highest common divisor of s and a?
5
Suppose -14*s = -18*s + 216. Calculate the greatest common factor of 297 and s.
27
Let t be (-127)/(-3) + 5/(-15). Let j be (t/(-4))/(6/(-12)). What is the highest common divisor of 21 and j?
21
Let q be ((-12)/9)/((-5)/(-45)). Let w = q - -20. What is the highest common factor of w and 4?
4
Let h(y) = y**3 + 4*y**2 - 27*y + 8. Let w be h(-7). What is the greatest common factor of w and 1250?
50
Let x be (1 + 12/(-16))*-4. Let w be (-18 + x + -3)/(-2). What is the highest common divisor of 77 and w?
11
Let s be 5/2 - (18/(-4) - -4). Let o be (-28)/4 + s - -62. What is the highest common divisor of o and 29?
29